8 and 1384064.
1408
Calculate the highest common divisor of 434 and 257369.
7
What is the greatest common divisor of 573862974 and 2994?
2994
Calculate the greatest common factor of 93027034 and 3714.
1238
What is the highest common factor of 405 and 11252820?
15
Calculate the highest common divisor of 84613 and 866951.
443
Calculate the greatest common divisor of 649110 and 411665.
1405
What is the highest common factor of 254375230 and 6487?
499
Calculate the greatest common factor of 214672 and 288.
16
Calculate the greatest common divisor of 95280 and 58800.
240
What is the greatest common factor of 108295 and 145805?
605
Calculate the greatest common divisor of 2283 and 1591280679.
2283
What is the highest common divisor of 21624 and 130798?
34
Calculate the highest common divisor of 165104 and 2516.
68
What is the greatest common divisor of 21293422 and 2092?
1046
Calculate the greatest common divisor of 18506 and 3145046.
974
What is the highest common divisor of 12040 and 177427460?
6020
What is the greatest common factor of 1206374 and 728?
26
What is the highest common factor of 224 and 33380816?
112
What is the greatest common factor of 1408 and 4276448?
352
Calculate the highest common factor of 53636 and 473777.
23
Calculate the highest common divisor of 560334 and 564.
282
What is the highest common divisor of 10752678 and 76212?
522
What is the greatest common divisor of 60 and 14668905?
15
What is the greatest common divisor of 2445 and 41197435?
815
Calculate the greatest common divisor of 4673 and 3118.
1
What is the highest common factor of 9 and 4267962?
9
What is the greatest common divisor of 2146 and 296786?
58
What is the greatest common factor of 5171166 and 3528?
882
Calculate the greatest common factor of 476520 and 44935.
1045
Calculate the highest common divisor of 8 and 3386188.
4
Calculate the greatest common factor of 168682631 and 17647.
2521
What is the highest common divisor of 704 and 1406372?
44
Calculate the highest common factor of 133 and 788641.
7
Calculate the greatest common factor of 183839875 and 4665.
1555
What is the highest common divisor of 499986 and 401004?
2538
What is the highest common factor of 111 and 10192649?
37
What is the highest common divisor of 3408 and 19750496?
1136
What is the greatest common divisor of 28 and 740439812?
28
Calculate the greatest common factor of 406 and 455420.
14
What is the highest common divisor of 291638 and 48?
2
Calculate the highest common factor of 12708760 and 10.
10
Calculate the highest common factor of 956861695 and 1138.
569
Calculate the greatest common divisor of 8588 and 60864964.
452
What is the highest common divisor of 17728080 and 1490?
10
Calculate the greatest common factor of 63975 and 147450.
75
Calculate the highest common factor of 4004241 and 12.
3
What is the greatest common factor of 838752 and 42?
6
What is the greatest common divisor of 12155870 and 20?
10
What is the greatest common factor of 26146723 and 673?
673
What is the greatest common divisor of 489048 and 389151?
1491
Calculate the greatest common divisor of 121794 and 818002.
106
Calculate the greatest common factor of 408 and 124672424.
136
What is the greatest common factor of 12155824 and 2320?
16
Calculate the highest common factor of 2908755 and 16650.
1665
Calculate the greatest common factor of 6032 and 6903247.
377
What is the highest common factor of 369327 and 7412307?
8589
What is the highest common divisor of 5006130 and 5730?
30
What is the greatest common divisor of 52 and 48942452?
52
Calculate the greatest common factor of 5390718 and 684.
114
Calculate the greatest common factor of 195 and 3696381.
39
What is the greatest common divisor of 11270 and 924646?
46
What is the highest common divisor of 149688 and 243320?
616
Calculate the greatest common divisor of 154877616 and 1224.
1224
What is the highest common factor of 126492 and 237048?
996
Calculate the highest common divisor of 38200 and 8500.
100
Calculate the highest common factor of 686 and 5342078.
98
What is the greatest common factor of 413814797 and 363?
121
Calculate the greatest common factor of 1179 and 10024906.
131
What is the greatest common factor of 442979014 and 9836?
4918
What is the highest common factor of 142633484 and 1076?
1076
What is the greatest common divisor of 948 and 70200348?
948
Calculate the highest common factor of 389298 and 3381.
483
What is the greatest common divisor of 5811 and 741415805?
1937
What is the highest common factor of 268927004 and 4?
4
Calculate the highest common divisor of 30773066 and 2456.
614
What is the highest common divisor of 861 and 6808419?
123
Calculate the greatest common divisor of 7595 and 31885.
35
Calculate the highest common factor of 2250487512 and 312.
312
What is the highest common factor of 10 and 141835375?
5
What is the greatest common divisor of 1827 and 1585857315?
609
Calculate the greatest common factor of 22579257 and 2121.
303
Calculate the greatest common factor of 4207464 and 360.
72
What is the highest common divisor of 20208 and 7708089?
1263
What is the highest common factor of 55735 and 50126?
71
Calculate the greatest common divisor of 15804 and 36948.
12
What is the highest common divisor of 149272 and 2161268?
1588
Calculate the highest common divisor of 10816 and 12009984.
64
What is the highest common divisor of 2915825 and 7040?
55
What is the greatest common factor of 4020 and 26064360?
60
What is the highest common divisor of 68829 and 11715?
3
Calculate the greatest common divisor of 11570 and 3886630.
890
What is the greatest common factor of 8726263 and 17613?
1957
What is the greatest common divisor of 3088298 and 1026?
38
What is the greatest common divisor of 4699 and 142931?
37
Calculate the greatest common divisor of 392835091 and 847.
121
Calculate the highest common factor of 2870990 and 110.
10
Calculate the highest common factor of 354688 and 512472.
1304
Calculate the greatest common factor of 19131 and 67425843.
2733
Calculate the greatest common divisor of 310 and 1701510.
10
Calculate the highest common factor of 72487 and 22663.
173
What is the greatest common divisor of 12241020 and 3060?
1020
What is the highest common divisor of 89034 and 103158?
66
What is the greatest common factor of 334113 and 269531?
659
Calculate the greatest common factor of 7074437 and 1052.
263
What is the highest common factor of 33643 and 11475?
17
Calculate the highest common factor of 4230 and 19484226.
846
What is the highest common divisor of 1608582 and 2928?
6
What is the highest common factor of 388071 and 207?
9
Calculate the highest common factor of 19143387 and 9.
9
What is the highest common divisor of 18255 and 42676539?
3651
What is the highest common factor of 11636872 and 936?
104
What is the greatest common divisor of 40321 and 20923?
61
What is the greatest common factor of 53779820 and 25700?
5140
Calculate the greatest common divisor of 6198790 and 82.
82
What is the greatest common factor of 18591584 and 44?
44
What is the greatest common factor of 89947 and 8569?
11
What is the highest common divisor of 3357 and 1660223?
373
What is the greatest common factor of 4616089 and 1?
1
Calculate the greatest common divisor of 435058980 and 120.
60
What is the greatest common factor of 25603120 and 64?
16
Calculate the greatest common divisor of 127917 and 2728197.
2097
Calculate the greatest common divisor of 14156806 and 718.
718
What is the greatest common factor of 10500 and 409780?
140
What is the highest common divisor of 563130 and 255?
15
Calculate the greatest common factor of 16827 and 1297812.
237
Calculate the highest common factor of 662 and 40874197.
331
Calculate the greatest common divisor of 35 and 170296585.
5
What is the greatest common factor of 2279160 and 4230?
90
Calculate the highest common divisor of 2716 and 1771220.
388
Calculate the highest common divisor of 52288 and 7540480.
2752
Calculate the greatest common factor of 348 and 2728838868.
348
What is the greatest common factor of 16991 and 47395741?
1307
What is the greatest common factor of 310818 and 1758?
6
Calculate the highest common divisor of 678 and 8714334.
678
What is the greatest common divisor of 155